 f be (-7335)/(-135) + (8/3 - (-30)/(-15)). What is the highest common divisor of 132 and f?
11
Let b(z) be the second derivative of -32*z + 0 - 10/3*z**3 + 0*z**2. Let x be b(-1). What is the highest common factor of x and 50?
10
Suppose -4*t - 4*b = -208, t = 4*t + b - 152. Suppose 0 = -t*f + 54*f + 292. Let k = f - -121. What is the greatest common divisor of k and 32?
16
Suppose -6*n - 3*n + 97059 + 29490 = 0. Calculate the greatest common factor of n and 258.
129
Let f = -342 - -815. What is the highest common divisor of 33 and f?
11
Let c be ((-2)/3)/(6*(-10)/1350). Let l = 379 - 184. What is the greatest common factor of l and c?
15
Suppose 3*l - l = 4. Suppose -3*v + 21 = -5*f, -2*f = -v + l*f + 7. Let g = 89 + v. Calculate the highest common factor of 12 and g.
12
Suppose 58 = 5*i - 292. Suppose 22 = o + 4*p, 4*o = -o + 5*p + 235. Suppose i = 2*q - o. What is the highest common factor of q and 7?
7
Suppose 11 = -18*m + 173. Let k be (6 - m) + 20 - -6. What is the highest common factor of k and 184?
23
Let g(z) = -97*z + 1446. Let p be g(7). Calculate the greatest common factor of 236 and p.
59
Let p(g) = 2*g**2 + 15*g + 7. Suppose -40 = 5*w - 0. Let i be p(w). Suppose c - 7*c + 30 = 0. What is the greatest common factor of c and i?
5
Let s(r) be the first derivative of r**4/4 + 9*r**2/2 - 16*r + 16. Let y be s(5). What is the greatest common factor of y and 14?
14
Let n(o) = 51*o + 288. Let q be n(10). Let c be q/(-228)*(-91 + 1). Calculate the highest common divisor of c and 75.
15
Suppose 0 = 10*d + 2429 + 1. Let a = d - -273. Suppose -225 = 33*w - 38*w. What is the highest common divisor of w and a?
15
Let a(k) = 8*k + 9. Let z(j) = 7*j + 8. Let n(c) = -5*a(c) + 6*z(c). Let p be n(2). Let l = 23 - 2. What is the highest common divisor of l and p?
7
Suppose -73*n = -239778 - 21197. What is the greatest common factor of n and 143?
143
Let m = -439 + 448. Suppose -23 = -3*i - 4*s, i - m = -0*i - s. What is the highest common factor of i and 247?
13
Suppose 2*y + 3*t = 365, y - 4*t + 72 = 227. Let q(o) = 3*o**2 + 3*o + 10. Let n be q(-5). Calculate the highest common factor of y and n.
35
Let d = 98 - 96. Suppose -4*j + 216 = 4*q, -14*j + 9*j + 256 = -d*q. Calculate the greatest common factor of 52 and j.
52
Suppose -r - 77 = x, x + 4*r = -2*x - 231. Let s = x - -73. Let k be 321/9 - s/12. What is the highest common factor of 9 and k?
9
Let s = 7246 + -3502. Calculate the greatest common divisor of 351 and s.
117
Let a be (-8)/3*(15/(-10))/(-1). Let b be 4 + -206*(a - -2). What is the greatest common factor of 16 and b?
16
Suppose 371*r - 264 = 175*r + 185*r. What is the greatest common divisor of 592 and r?
8
Suppose 4*c - 20 = 0, -c + 41 = 2*s - 2*c. Let t(m) = -s - m - 2*m + 77 + 0*m. Let w be t(12). Calculate the greatest common divisor of 27 and w.
9
Let m be (-4)/(-14) + (44856/49)/9. Suppose m = 6*x - 78. What is the highest common divisor of 90 and x?
30
Suppose r - 11*r + 10 = 0. Let a be 20*4/4*r. Let t = a + 7. Calculate the greatest common factor of 3 and t.
3
Suppose -2*f = 2 + 4, 5*j + 2*f + 56 = 0. Let b be ((1 + -2)*j)/2. Suppose -s = -n + 102, 29 + 453 = b*n + 2*s. What is the greatest common factor of n and 14?
14
Let n be ((1 + 3)*(-40)/7)/((-538)/1883). What is the highest common factor of n and 640?
80
Let l be (-1 + -19)*(-315 - -190). Calculate the greatest common divisor of 200 and l.
100
Suppose 141*x - 156 - 348 = 120*x. What is the greatest common factor of x and 17148?
12
Suppose 500 = 65*y - 70*y. Let x = y - -280. Calculate the greatest common divisor of x and 20.
20
Let x be (1 - (-34)/(-22)) + 25760/1771. Let l be (-1 + 2)/((-2)/158). Let i = -51 - l. Calculate the greatest common divisor of x and i.
14
Suppose 0 = -416*w + 57527 - 13847. What is the highest common divisor of 35 and w?
35
Suppose 0*o = 2*o - 546. Let w(h) = h**3 - 36*h**2 + 35*h + 13. Let y be w(35). What is the greatest common divisor of o and y?
13
Let d be (((-8)/(-12))/(-1))/((-8)/60). Suppose -2*o - 37 = -5*z, 0*z - d*o + 47 = 3*z. Calculate the highest common divisor of 72 and z.
9
Let w be 31 + (6 - 2) + -4. Suppose -w*c = -15*c - 608. Calculate the highest common divisor of c and 4.
2
Suppose 2*m - 7*q - 17 = -6*q, -3*m = 5*q + 7. What is the greatest common divisor of m and 186?
6
Let h(g) = -1007*g - 6010. Let l be h(-6). What is the greatest common divisor of 8352 and l?
32
Suppose -5*n = 2*j - 836 + 205, -5*n = 4*j - 1287. Suppose -34*f + 298 = 26. Calculate the highest common divisor of j and f.
8
Let s = 1013 - 367. Calculate the greatest common divisor of 266 and s.
38
Suppose -144609 = -41*p - 136*p. Calculate the highest common factor of p and 2.
1
Let q(k) = 1202*k**2 + 85*k + 364. Let f be q(-4). What is the highest common divisor of f and 232?
232
Suppose 20 = 6*c - c. Suppose -8*x = 44 - 12. Let a be (14/(-6) + 5)*(2 - x). Calculate the highest common divisor of c and a.
4
Let m(x) = -56*x + 1939. Let n be m(19). Calculate the highest common factor of 250 and n.
125
Let v be (-2)/(-5) - (-266)/10. Let k be (2/7*3)/((-4088)/294 + 14). Calculate the greatest common divisor of k and v.
9
Suppose -8*l + 6*l = -212. Let o = l - 16. Calculate the greatest common divisor of 1170 and o.
90
Suppose -3*i + 31 - 7 = -3*t, -16 = -i - 3*t. Suppose i*g - 14*g = -16. Let r(l) = l**2 + 44. Let k be r(0). What is the greatest common divisor of k and g?
4
Suppose -2*c = 28 - 72. Suppose 0*n = -s - 3*n + 23, 3*n + 6 = 0. Let v(i) = i**2 - 28*i - 25. Let x be v(s). Calculate the greatest common divisor of x and c.
2
Suppose 0 = 4*d - 131 - 49. Suppose -44*u + d*u + 7 = 0. Let x(b) = b**2 + b + 7. Let k be x(u). What is the greatest common factor of 7 and k?
7
Let i = -820 - -2041. Let o = 1824 - i. What is the highest common divisor of 67 and o?
67
Let k(t) = 189*t**3 + 13*t**2 - 62*t + 49. Let u be k(1). What is the highest common factor of u and 4662?
63
Suppose 5*q - 45072 = -4*f, -f + 5981 + 12043 = 2*q. Calculate the highest common divisor of q and 16.
16
Suppose 0 = 4*w - 2*w + 36. Let v be (w/(-30) + 52/(-20))/(-2). Let f be 1*(v - (3 - 2)) - -2. What is the greatest common factor of f and 2?
2
Suppose -1960 = 2*k - 4*j, -4900 = 5*k - 15*j + 18*j. Let f = 988 + k. Suppose s - 2 - 14 = 0. Calculate the greatest common factor of f and s.
8
Suppose -z = r - 27, 4*r + 5*z - 17*z - 60 = 0. Let q = -793 + 325. Let x be q/(-8) - (-6)/4. Calculate the greatest common divisor of x and r.
12
Suppose 13 = a - 3*y, 6*a - 4*y - 113 = 49. Let w be 5458/8 - (-1)/(-4). What is the highest common divisor of a and w?
31
Let t = 137 - 137. Let i(z) = -3*z + 53. Let q be i(t). Let a = 83 - q. What is the greatest common factor of 75 and a?
15
Suppose 24 = q - 4*f - 37, -4*f = -5*q + 241. Let y(x) = -q + 51 - x - 7*x - 2*x. Let i be y(-5). What is the highest common divisor of i and 28?
28
Suppose z - 5*u - 1152 = -102, -u + 1080 = z. What is the greatest common divisor of z and 145?
5
Let v(r) = 12*r - 664. Let f be v(56). Let j be (4/6)/((-2)/(-360)). Suppose y - j = -4*y. What is the highest common factor of f and y?
8
Let n(i) = 3*i**2 - 4*i - 3. Let a = -37 - -35. Let m be 6*(4/(-8))/(a - -3). Let s be n(m). Calculate the greatest common divisor of 108 and s.
36
Let a(y) = 9*y**2 + 9*y + 7. Let v be a(-5). Calculate the highest common divisor of v and 33.
11
Let g be (-6)/(-10) + 97/5. Suppose -1200 = -m - 59*m. What is the highest common divisor of g and m?
20
Let r = -89 + 133. Let p be 7 + -1 - (-1 - -4). Let g be (18 - (p - 7))*5. What is the highest common divisor of r and g?
22
Let f(g) = g**2 - 19*g - 54. Let n be f(76). Calculate the greatest common factor of 138 and n.
138
Let c = -469 + 481. Suppose c*o - 210 = 9*o. Let s = -7 - -17. Calculate the greatest common divisor of o and s.
10
Let b be ((-16)/24)/(2/(-9)). Let v be b/((-1)/(16/6)). Let x be 13 - (3 + v + 4). What is the highest common factor of 14 and x?
14
Let j = -27 - -13. Let d = j - -24. Suppose -4*v + 69 = 9. Calculate the highest common divisor of d and v.
5
Let p be 8 + (2 + 3949/55)/(4/300). What is the greatest common factor of 115 and p?
23
Let a be (0 + -1)/((-80)/30) - (-545)/40. What is the greatest common factor of a and 2786?
14
Let n = -1442 - -1447. Calc